[INFO] cloning repository https://github.com/AndrewSwerlick/chowdown
[INFO] running `Command { std: "git" "-c" "credential.helper=" "-c" "credential.helper=/workspace/cargo-home/bin/git-credential-null" "clone" "--bare" "https://github.com/AndrewSwerlick/chowdown" "/workspace/cache/git-repos/https%3A%2F%2Fgithub.com%2FAndrewSwerlick%2Fchowdown", kill_on_drop: false }`
[INFO] [stderr] Cloning into bare repository '/workspace/cache/git-repos/https%3A%2F%2Fgithub.com%2FAndrewSwerlick%2Fchowdown'...
[INFO] running `Command { std: "git" "rev-parse" "HEAD", kill_on_drop: false }`
[INFO] [stdout] 12a64dcc2de6e12d73c0259cac5473bb0ea87c4b
[INFO] checking AndrewSwerlick/chowdown against master#af3c6e733a40e671550e0f0f5aeecaa13772ba56 for pr-74989
[INFO] running `Command { std: "git" "clone" "/workspace/cache/git-repos/https%3A%2F%2Fgithub.com%2FAndrewSwerlick%2Fchowdown" "/workspace/builds/worker-2/source", kill_on_drop: false }`
[INFO] [stderr] Cloning into '/workspace/builds/worker-2/source'...
[INFO] [stderr] done.
[INFO] validating manifest of git repo https://github.com/AndrewSwerlick/chowdown on toolchain af3c6e733a40e671550e0f0f5aeecaa13772ba56
[INFO] running `Command { std: "/workspace/cargo-home/bin/cargo" "+af3c6e733a40e671550e0f0f5aeecaa13772ba56" "read-manifest" "--manifest-path" "Cargo.toml", kill_on_drop: false }`
[INFO] started tweaking git repo https://github.com/AndrewSwerlick/chowdown
[INFO] finished tweaking git repo https://github.com/AndrewSwerlick/chowdown
[INFO] tweaked toml for git repo https://github.com/AndrewSwerlick/chowdown written to /workspace/builds/worker-2/source/Cargo.toml
[INFO] crate git repo https://github.com/AndrewSwerlick/chowdown already has a lockfile, it will not be regenerated
[INFO] running `Command { std: "/workspace/cargo-home/bin/cargo" "+af3c6e733a40e671550e0f0f5aeecaa13772ba56" "fetch" "--locked" "--manifest-path" "Cargo.toml", kill_on_drop: false }`
[INFO] running `Command { std: "docker" "create" "-v" "/var/lib/crater-agent-workspace/builds/worker-2/target:/opt/rustwide/target:rw,Z" "-v" "/var/lib/crater-agent-workspace/builds/worker-2/source:/opt/rustwide/workdir:ro,Z" "-v" "/var/lib/crater-agent-workspace/cargo-home:/opt/rustwide/cargo-home:ro,Z" "-v" "/var/lib/crater-agent-workspace/rustup-home:/opt/rustwide/rustup-home:ro,Z" "-e" "SOURCE_DIR=/opt/rustwide/workdir" "-e" "CARGO_TARGET_DIR=/opt/rustwide/target" "-e" "CARGO_HOME=/opt/rustwide/cargo-home" "-e" "RUSTUP_HOME=/opt/rustwide/rustup-home" "-w" "/opt/rustwide/workdir" "-m" "1610612736" "--user" "0:0" "--network" "none" "rustops/crates-build-env@sha256:d92eaeed33fa75130ca1ee6c8a01d1ffb62bac859dfdfb3450e3e5d1c0146529" "/opt/rustwide/cargo-home/bin/cargo" "+af3c6e733a40e671550e0f0f5aeecaa13772ba56" "metadata" "--no-deps" "--format-version=1", kill_on_drop: false }`
[INFO] [stdout] 17dcb96a9d9226c6aad17865bf6aa3d791b9ea1745bb22fd6997499c6f631409
[INFO] [stderr] WARNING: Your kernel does not support swap limit capabilities or the cgroup is not mounted. Memory limited without swap.
[INFO] running `Command { std: "docker" "start" "-a" "17dcb96a9d9226c6aad17865bf6aa3d791b9ea1745bb22fd6997499c6f631409", kill_on_drop: false }`
[INFO] running `Command { std: "docker" "inspect" "17dcb96a9d9226c6aad17865bf6aa3d791b9ea1745bb22fd6997499c6f631409", kill_on_drop: false }`
[INFO] running `Command { std: "docker" "rm" "-f" "17dcb96a9d9226c6aad17865bf6aa3d791b9ea1745bb22fd6997499c6f631409", kill_on_drop: false }`
[INFO] [stdout] 17dcb96a9d9226c6aad17865bf6aa3d791b9ea1745bb22fd6997499c6f631409
[INFO] running `Command { std: "docker" "create" "-v" "/var/lib/crater-agent-workspace/builds/worker-2/target:/opt/rustwide/target:rw,Z" "-v" "/var/lib/crater-agent-workspace/builds/worker-2/source:/opt/rustwide/workdir:ro,Z" "-v" "/var/lib/crater-agent-workspace/cargo-home:/opt/rustwide/cargo-home:ro,Z" "-v" "/var/lib/crater-agent-workspace/rustup-home:/opt/rustwide/rustup-home:ro,Z" "-e" "SOURCE_DIR=/opt/rustwide/workdir" "-e" "CARGO_TARGET_DIR=/opt/rustwide/target" "-e" "CARGO_INCREMENTAL=0" "-e" "RUST_BACKTRACE=full" "-e" "RUSTFLAGS=--cap-lints=forbid" "-e" "CARGO_HOME=/opt/rustwide/cargo-home" "-e" "RUSTUP_HOME=/opt/rustwide/rustup-home" "-w" "/opt/rustwide/workdir" "-m" "1610612736" "--user" "0:0" "--network" "none" "rustops/crates-build-env@sha256:d92eaeed33fa75130ca1ee6c8a01d1ffb62bac859dfdfb3450e3e5d1c0146529" "/opt/rustwide/cargo-home/bin/cargo" "+af3c6e733a40e671550e0f0f5aeecaa13772ba56" "check" "--frozen" "--all" "--all-targets" "--message-format=json", kill_on_drop: false }`
[INFO] [stdout] 1a699fc9c7225982fff9972035cf5bf1e869f44be7341fbceebbbfdf2aff5fbb
[INFO] [stderr] WARNING: Your kernel does not support swap limit capabilities or the cgroup is not mounted. Memory limited without swap.
[INFO] running `Command { std: "docker" "start" "-a" "1a699fc9c7225982fff9972035cf5bf1e869f44be7341fbceebbbfdf2aff5fbb", kill_on_drop: false }`
[INFO] [stderr]     Blocking waiting for file lock on package cache
[INFO] [stderr]    Compiling autocfg v0.1.7
[INFO] [stderr]    Compiling unicode-xid v0.2.0
[INFO] [stderr]    Compiling syn v1.0.11
[INFO] [stderr]    Compiling log v0.4.8
[INFO] [stderr]     Checking cfg-if v0.1.10
[INFO] [stderr]    Compiling string_cache_shared v0.3.0
[INFO] [stderr]    Compiling ryu v1.0.2
[INFO] [stderr]     Checking lazy_static v1.4.0
[INFO] [stderr]    Compiling itoa v0.4.4
[INFO] [stderr]    Compiling proc-macro2 v0.4.30
[INFO] [stderr]    Compiling wasm-bindgen-shared v0.2.56
[INFO] [stderr]     Checking new_debug_unreachable v1.0.3
[INFO] [stderr]    Compiling unicode-xid v0.1.0
[INFO] [stderr]     Checking mac v0.1.1
[INFO] [stderr]    Compiling bumpalo v2.6.0
[INFO] [stderr]     Checking precomputed-hash v0.1.1
[INFO] [stderr]     Checking utf-8 v0.7.5
[INFO] [stderr]    Compiling bitflags v1.2.1
[INFO] [stderr]    Compiling wasm-bindgen v0.2.56
[INFO] [stderr]    Compiling syn v0.15.44
[INFO] [stderr]    Compiling maybe-uninit v2.0.0
[INFO] [stderr]    Compiling fnv v1.0.6
[INFO] [stderr]    Compiling ucd-trie v0.1.2
[INFO] [stderr]    Compiling byteorder v1.3.2
[INFO] [stderr]     Checking unicode-width v0.1.6
[INFO] [stderr]    Compiling maplit v1.0.2
[INFO] [stderr]     Checking matches v0.1.8
[INFO] [stderr]     Checking vec_map v0.8.1
[INFO] [stderr]    Compiling derive_builder v0.8.1
[INFO] [stderr]     Checking ansi_term v0.11.0
[INFO] [stderr]     Checking strsim v0.8.0
[INFO] [stderr]     Checking bit-vec v0.5.1
[INFO] [stderr]     Checking unicode_categories v0.1.1
[INFO] [stderr]     Checking typed-arena v1.7.0
[INFO] [stderr]     Checking entities v1.0.1
[INFO] [stderr]     Checking scoped-tls v1.0.0
[INFO] [stderr]    Compiling phf_shared v0.7.24
[INFO] [stderr]     Checking futf v0.1.4
[INFO] [stderr]     Checking thread_local v0.3.6
[INFO] [stderr]     Checking dtoa-short v0.3.2
[INFO] [stderr]     Checking servo_arc v0.1.1
[INFO] [stderr]     Checking textwrap v0.11.0
[INFO] [stderr]     Checking getopts v0.2.21
[INFO] [stderr]    Compiling pest v2.1.2
[INFO] [stderr]    Compiling proc-macro2 v1.0.6
[INFO] [stderr]    Compiling serde v1.0.103
[INFO] [stderr]    Compiling rand_chacha v0.1.1
[INFO] [stderr]    Compiling rand_pcg v0.1.2
[INFO] [stderr]    Compiling rand v0.6.5
[INFO] [stderr]    Compiling num-traits v0.2.10
[INFO] [stderr]    Compiling num-integer v0.1.41
[INFO] [stderr]    Compiling num-bigint v0.2.3
[INFO] [stderr]    Compiling num-complex v0.2.3
[INFO] [stderr]    Compiling num-iter v0.1.39
[INFO] [stderr]    Compiling num-rational v0.2.2
[INFO] [stderr]     Checking phf v0.7.24
[INFO] [stderr]     Checking bit-set v0.5.1
[INFO] [stderr]    Compiling rand_os v0.1.3
[INFO] [stderr]     Checking dirs-sys v0.3.4
[INFO] [stderr]     Checking twoway v0.2.1
[INFO] [stderr]     Checking tendril v0.4.1
[INFO] [stderr]     Checking regex v1.3.1
[INFO] [stderr]     Checking clap v2.33.0
[INFO] [stderr]     Checking smallvec v0.6.13
[INFO] [stderr]     Checking dirs v2.0.2
[INFO] [stderr]    Compiling quote v1.0.2
[INFO] [stderr]     Checking term v0.6.1
[INFO] [stderr]    Compiling quote v0.6.13
[INFO] [stderr]     Checking fxhash v0.2.1
[INFO] [stderr]    Compiling pest_meta v2.1.2
[INFO] [stderr]    Compiling wasm-bindgen-test-macro v0.2.50
[INFO] [stderr]     Checking Inflector v0.11.4
[INFO] [stderr]    Compiling phf_generator v0.7.24
[INFO] [stderr]    Compiling phf_codegen v0.7.24
[INFO] [stderr]    Compiling string_cache_codegen v0.4.4
[INFO] [stderr]    Compiling selectors v0.21.0
[INFO] [stderr]    Compiling string_cache v0.7.5
[INFO] [stderr]     Checking num v0.2.0
[INFO] [stderr]     Checking fraction v0.6.2
[INFO] [stderr]    Compiling serde_json v1.0.44
[INFO] [stderr]    Compiling wasm-bindgen-backend v0.2.56
[INFO] [stderr]    Compiling darling_core v0.10.2
[INFO] [stderr]    Compiling pest_generator v2.1.1
[INFO] [stderr]    Compiling html5ever v0.23.0
[INFO] [stderr]    Compiling serde_derive v1.0.103
[INFO] [stderr]    Compiling cssparser v0.25.9
[INFO] [stderr]    Compiling cssparser-macros v0.3.6
[INFO] [stderr]    Compiling html5ever v0.24.1
[INFO] [stderr]    Compiling pest_derive v2.1.0
[INFO] [stderr]    Compiling wasm-bindgen-macro-support v0.2.56
[INFO] [stderr]     Checking comrak v0.6.2
[INFO] [stderr]    Compiling darling_macro v0.10.2
[INFO] [stderr]    Compiling wasm-bindgen-macro v0.2.56
[INFO] [stderr]    Compiling darling v0.10.2
[INFO] [stderr]    Compiling derive_builder_core v0.8.1
[INFO] [stderr]     Checking console_error_panic_hook v0.1.6
[INFO] [stderr]     Checking js-sys v0.3.33
[INFO] [stdout] error: return value of constructor must be a bare path
[INFO] [stdout]     --> /opt/rustwide/cargo-home/registry/src/github.com-1ecc6299db9ec823/js-sys-0.3.33/src/lib.rs:4752:13
[INFO] [stdout]      |
[INFO] [stdout] 4752 | /             /// The
[INFO] [stdout] 4753 | |             #[doc = $ctor]
[INFO] [stdout] 4754 | |             /// constructor creates an array of unsigned 8-bit integers.
[INFO] [stdout] 4755 | |             ///
[INFO] [stdout] ...    |
[INFO] [stdout] 4759 | |             #[wasm_bindgen(constructor)]
[INFO] [stdout] 4760 | |             pub fn new(constructor_arg: &JsValue) -> $name;
[INFO] [stdout]      | |___________________________________________________________^
[INFO] [stdout] ...
[INFO] [stdout] 4947 | / arrays! {
[INFO] [stdout] 4948 | |     /// `Int8Array()`
[INFO] [stdout] 4949 | |     /// https://developer.mozilla.org/en-US/docs/Web/JavaScript/Reference/Global_Objects/Int8Array
[INFO] [stdout] 4950 | |     Int8Array: i8,
[INFO] [stdout] ...    |
[INFO] [stdout] 4982 | |     Float64Array: f64,
[INFO] [stdout] 4983 | | }
[INFO] [stdout]      | |_- in this macro invocation
[INFO] [stdout]      |
[INFO] [stdout]      = note: this error originates in a macro (in Nightly builds, run with -Z macro-backtrace for more info)
[INFO] [stdout] 
[INFO] [stdout] 
[INFO] [stdout] error: return value of constructor must be a bare path
[INFO] [stdout]     --> /opt/rustwide/cargo-home/registry/src/github.com-1ecc6299db9ec823/js-sys-0.3.33/src/lib.rs:4762:13
[INFO] [stdout]      |
[INFO] [stdout] 4762 | /             /// An
[INFO] [stdout] 4763 | |             #[doc = $ctor]
[INFO] [stdout] 4764 | |             /// which creates an array with an internal buffer large
[INFO] [stdout] 4765 | |             /// enough for `length` elements.
[INFO] [stdout] ...    |
[INFO] [stdout] 4770 | |             #[wasm_bindgen(constructor)]
[INFO] [stdout] 4771 | |             pub fn new_with_length(length: u32) -> $name;
[INFO] [stdout]      | |_________________________________________________________^
[INFO] [stdout] ...
[INFO] [stdout] 4947 | / arrays! {
[INFO] [stdout] 4948 | |     /// `Int8Array()`
[INFO] [stdout] 4949 | |     /// https://developer.mozilla.org/en-US/docs/Web/JavaScript/Reference/Global_Objects/Int8Array
[INFO] [stdout] 4950 | |     Int8Array: i8,
[INFO] [stdout] ...    |
[INFO] [stdout] 4982 | |     Float64Array: f64,
[INFO] [stdout] 4983 | | }
[INFO] [stdout]      | |_- in this macro invocation
[INFO] [stdout]      |
[INFO] [stdout]      = note: this error originates in a macro (in Nightly builds, run with -Z macro-backtrace for more info)
[INFO] [stdout] 
[INFO] [stdout] 
[INFO] [stdout] error: return value of constructor must be a bare path
[INFO] [stdout]     --> /opt/rustwide/cargo-home/registry/src/github.com-1ecc6299db9ec823/js-sys-0.3.33/src/lib.rs:4773:13
[INFO] [stdout]      |
[INFO] [stdout] 4773 | /             /// An
[INFO] [stdout] 4774 | |             #[doc = $ctor]
[INFO] [stdout] 4775 | |             /// which creates an array with the given buffer but is a
[INFO] [stdout] 4776 | |             /// view starting at `byte_offset`.
[INFO] [stdout] ...    |
[INFO] [stdout] 4781 | |             #[wasm_bindgen(constructor)]
[INFO] [stdout] 4782 | |             pub fn new_with_byte_offset(buffer: &JsValue, byte_offset: u32) -> $name;
[INFO] [stdout]      | |_____________________________________________________________________________________^
[INFO] [stdout] ...
[INFO] [stdout] 4947 | / arrays! {
[INFO] [stdout] 4948 | |     /// `Int8Array()`
[INFO] [stdout] 4949 | |     /// https://developer.mozilla.org/en-US/docs/Web/JavaScript/Reference/Global_Objects/Int8Array
[INFO] [stdout] 4950 | |     Int8Array: i8,
[INFO] [stdout] ...    |
[INFO] [stdout] 4982 | |     Float64Array: f64,
[INFO] [stdout] 4983 | | }
[INFO] [stdout]      | |_- in this macro invocation
[INFO] [stdout]      |
[INFO] [stdout]      = note: this error originates in a macro (in Nightly builds, run with -Z macro-backtrace for more info)
[INFO] [stdout] 
[INFO] [stdout] 
[INFO] [stdout] error: return value of constructor must be a bare path
[INFO] [stdout]     --> /opt/rustwide/cargo-home/registry/src/github.com-1ecc6299db9ec823/js-sys-0.3.33/src/lib.rs:4784:13
[INFO] [stdout]      |
[INFO] [stdout] 4784 | /             /// An
[INFO] [stdout] 4785 | |             #[doc = $ctor]
[INFO] [stdout] 4786 | |             /// which creates an array with the given buffer but is a
[INFO] [stdout] 4787 | |             /// view starting at `byte_offset` for `length` elements.
[INFO] [stdout] ...    |
[INFO] [stdout] 4796 | |                 length: u32,
[INFO] [stdout] 4797 | |             ) -> $name;
[INFO] [stdout]      | |_______________________^
[INFO] [stdout] ...
[INFO] [stdout] 4947 | / arrays! {
[INFO] [stdout] 4948 | |     /// `Int8Array()`
[INFO] [stdout] 4949 | |     /// https://developer.mozilla.org/en-US/docs/Web/JavaScript/Reference/Global_Objects/Int8Array
[INFO] [stdout] 4950 | |     Int8Array: i8,
[INFO] [stdout] ...    |
[INFO] [stdout] 4982 | |     Float64Array: f64,
[INFO] [stdout] 4983 | | }
[INFO] [stdout]      | |_- in this macro invocation
[INFO] [stdout]      |
[INFO] [stdout]      = note: this error originates in a macro (in Nightly builds, run with -Z macro-backtrace for more info)
[INFO] [stdout] 
[INFO] [stdout] 
[INFO] [stdout] error: first argument of method must be a path
[INFO] [stdout]     --> /opt/rustwide/cargo-home/registry/src/github.com-1ecc6299db9ec823/js-sys-0.3.33/src/lib.rs:4804:32
[INFO] [stdout]      |
[INFO] [stdout] 4804 |               pub fn fill(this: &$name, value: $ty, start: u32, end: u32) -> $name;
[INFO] [stdout]      |                                  ^^^^^
[INFO] [stdout] ...
[INFO] [stdout] 4947 | / arrays! {
[INFO] [stdout] 4948 | |     /// `Int8Array()`
[INFO] [stdout] 4949 | |     /// https://developer.mozilla.org/en-US/docs/Web/JavaScript/Reference/Global_Objects/Int8Array
[INFO] [stdout] 4950 | |     Int8Array: i8,
[INFO] [stdout] ...    |
[INFO] [stdout] 4982 | |     Float64Array: f64,
[INFO] [stdout] 4983 | | }
[INFO] [stdout]      | |_- in this macro invocation
[INFO] [stdout]      |
[INFO] [stdout]      = note: this error originates in a macro (in Nightly builds, run with -Z macro-backtrace for more info)
[INFO] [stdout] 
[INFO] [stdout] 
[INFO] [stdout] error: first argument of method must be a path
[INFO] [stdout]     --> /opt/rustwide/cargo-home/registry/src/github.com-1ecc6299db9ec823/js-sys-0.3.33/src/lib.rs:4809:34
[INFO] [stdout]      |
[INFO] [stdout] 4809 |               pub fn buffer(this: &$name) -> ArrayBuffer;
[INFO] [stdout]      |                                    ^^^^^
[INFO] [stdout] ...
[INFO] [stdout] 4947 | / arrays! {
[INFO] [stdout] 4948 | |     /// `Int8Array()`
[INFO] [stdout] 4949 | |     /// https://developer.mozilla.org/en-US/docs/Web/JavaScript/Reference/Global_Objects/Int8Array
[INFO] [stdout] 4950 | |     Int8Array: i8,
[INFO] [stdout] ...    |
[INFO] [stdout] 4982 | |     Float64Array: f64,
[INFO] [stdout] 4983 | | }
[INFO] [stdout]      | |_- in this macro invocation
[INFO] [stdout]      |
[INFO] [stdout]      = note: this error originates in a macro (in Nightly builds, run with -Z macro-backtrace for more info)
[INFO] [stdout] 
[INFO] [stdout] 
[INFO] [stdout] error: first argument of method must be a path
[INFO] [stdout]     --> /opt/rustwide/cargo-home/registry/src/github.com-1ecc6299db9ec823/js-sys-0.3.33/src/lib.rs:4814:36
[INFO] [stdout]      |
[INFO] [stdout] 4814 |               pub fn subarray(this: &$name, begin: u32, end: u32) -> $name;
[INFO] [stdout]      |                                      ^^^^^
[INFO] [stdout] ...
[INFO] [stdout] 4947 | / arrays! {
[INFO] [stdout] 4948 | |     /// `Int8Array()`
[INFO] [stdout] 4949 | |     /// https://developer.mozilla.org/en-US/docs/Web/JavaScript/Reference/Global_Objects/Int8Array
[INFO] [stdout] 4950 | |     Int8Array: i8,
[INFO] [stdout] ...    |
[INFO] [stdout] 4982 | |     Float64Array: f64,
[INFO] [stdout] 4983 | | }
[INFO] [stdout]      | |_- in this macro invocation
[INFO] [stdout]      |
[INFO] [stdout]      = note: this error originates in a macro (in Nightly builds, run with -Z macro-backtrace for more info)
[INFO] [stdout] 
[INFO] [stdout] 
[INFO] [stdout] error: first argument of method must be a path
[INFO] [stdout]     --> /opt/rustwide/cargo-home/registry/src/github.com-1ecc6299db9ec823/js-sys-0.3.33/src/lib.rs:4820:33
[INFO] [stdout]      |
[INFO] [stdout] 4820 |               pub fn slice(this: &$name, begin: u32, end: u32) -> $name;
[INFO] [stdout]      |                                   ^^^^^
[INFO] [stdout] ...
[INFO] [stdout] 4947 | / arrays! {
[INFO] [stdout] 4948 | |     /// `Int8Array()`
[INFO] [stdout] 4949 | |     /// https://developer.mozilla.org/en-US/docs/Web/JavaScript/Reference/Global_Objects/Int8Array
[INFO] [stdout] 4950 | |     Int8Array: i8,
[INFO] [stdout] ...    |
[INFO] [stdout] 4982 | |     Float64Array: f64,
[INFO] [stdout] 4983 | | }
[INFO] [stdout]      | |_- in this macro invocation
[INFO] [stdout]      |
[INFO] [stdout]      = note: this error originates in a macro (in Nightly builds, run with -Z macro-backtrace for more info)
[INFO] [stdout] 
[INFO] [stdout] 
[INFO] [stdout] error: first argument of method must be a path
[INFO] [stdout]     --> /opt/rustwide/cargo-home/registry/src/github.com-1ecc6299db9ec823/js-sys-0.3.33/src/lib.rs:4827:36
[INFO] [stdout]      |
[INFO] [stdout] 4827 |               pub fn for_each(this: &$name, callback: &mut dyn FnMut($ty, u32, $name));
[INFO] [stdout]      |                                      ^^^^^
[INFO] [stdout] ...
[INFO] [stdout] 4947 | / arrays! {
[INFO] [stdout] 4948 | |     /// `Int8Array()`
[INFO] [stdout] 4949 | |     /// https://developer.mozilla.org/en-US/docs/Web/JavaScript/Reference/Global_Objects/Int8Array
[INFO] [stdout] 4950 | |     Int8Array: i8,
[INFO] [stdout] ...    |
[INFO] [stdout] 4982 | |     Float64Array: f64,
[INFO] [stdout] 4983 | | }
[INFO] [stdout]      | |_- in this macro invocation
[INFO] [stdout]      |
[INFO] [stdout]      = note: this error originates in a macro (in Nightly builds, run with -Z macro-backtrace for more info)
[INFO] [stdout] 
[INFO] [stdout] 
[INFO] [stdout] error: first argument of method must be a path
[INFO] [stdout]     --> /opt/rustwide/cargo-home/registry/src/github.com-1ecc6299db9ec823/js-sys-0.3.33/src/lib.rs:4832:34
[INFO] [stdout]      |
[INFO] [stdout] 4832 |               pub fn length(this: &$name) -> u32;
[INFO] [stdout]      |                                    ^^^^^
[INFO] [stdout] ...
[INFO] [stdout] 4947 | / arrays! {
[INFO] [stdout] 4948 | |     /// `Int8Array()`
[INFO] [stdout] 4949 | |     /// https://developer.mozilla.org/en-US/docs/Web/JavaScript/Reference/Global_Objects/Int8Array
[INFO] [stdout] 4950 | |     Int8Array: i8,
[INFO] [stdout] ...    |
[INFO] [stdout] 4982 | |     Float64Array: f64,
[INFO] [stdout] 4983 | | }
[INFO] [stdout]      | |_- in this macro invocation
[INFO] [stdout]      |
[INFO] [stdout]      = note: this error originates in a macro (in Nightly builds, run with -Z macro-backtrace for more info)
[INFO] [stdout] 
[INFO] [stdout] 
[INFO] [stdout] error: first argument of method must be a path
[INFO] [stdout]     --> /opt/rustwide/cargo-home/registry/src/github.com-1ecc6299db9ec823/js-sys-0.3.33/src/lib.rs:4837:39
[INFO] [stdout]      |
[INFO] [stdout] 4837 |               pub fn byte_length(this: &$name) -> u32;
[INFO] [stdout]      |                                         ^^^^^
[INFO] [stdout] ...
[INFO] [stdout] 4947 | / arrays! {
[INFO] [stdout] 4948 | |     /// `Int8Array()`
[INFO] [stdout] 4949 | |     /// https://developer.mozilla.org/en-US/docs/Web/JavaScript/Reference/Global_Objects/Int8Array
[INFO] [stdout] 4950 | |     Int8Array: i8,
[INFO] [stdout] ...    |
[INFO] [stdout] 4982 | |     Float64Array: f64,
[INFO] [stdout] 4983 | | }
[INFO] [stdout]      | |_- in this macro invocation
[INFO] [stdout]      |
[INFO] [stdout]      = note: this error originates in a macro (in Nightly builds, run with -Z macro-backtrace for more info)
[INFO] [stdout] 
[INFO] [stdout] 
[INFO] [stdout] error: first argument of method must be a path
[INFO] [stdout]     --> /opt/rustwide/cargo-home/registry/src/github.com-1ecc6299db9ec823/js-sys-0.3.33/src/lib.rs:4842:39
[INFO] [stdout]      |
[INFO] [stdout] 4842 |               pub fn byte_offset(this: &$name) -> u32;
[INFO] [stdout]      |                                         ^^^^^
[INFO] [stdout] ...
[INFO] [stdout] 4947 | / arrays! {
[INFO] [stdout] 4948 | |     /// `Int8Array()`
[INFO] [stdout] 4949 | |     /// https://developer.mozilla.org/en-US/docs/Web/JavaScript/Reference/Global_Objects/Int8Array
[INFO] [stdout] 4950 | |     Int8Array: i8,
[INFO] [stdout] ...    |
[INFO] [stdout] 4982 | |     Float64Array: f64,
[INFO] [stdout] 4983 | | }
[INFO] [stdout]      | |_- in this macro invocation
[INFO] [stdout]      |
[INFO] [stdout]      = note: this error originates in a macro (in Nightly builds, run with -Z macro-backtrace for more info)
[INFO] [stdout] 
[INFO] [stdout] 
[INFO] [stdout] error: first argument of method must be a path
[INFO] [stdout]     --> /opt/rustwide/cargo-home/registry/src/github.com-1ecc6299db9ec823/js-sys-0.3.33/src/lib.rs:4847:31
[INFO] [stdout]      |
[INFO] [stdout] 4847 |               pub fn set(this: &$name, src: &JsValue, offset: u32);
[INFO] [stdout]      |                                 ^^^^^
[INFO] [stdout] ...
[INFO] [stdout] 4947 | / arrays! {
[INFO] [stdout] 4948 | |     /// `Int8Array()`
[INFO] [stdout] 4949 | |     /// https://developer.mozilla.org/en-US/docs/Web/JavaScript/Reference/Global_Objects/Int8Array
[INFO] [stdout] 4950 | |     Int8Array: i8,
[INFO] [stdout] ...    |
[INFO] [stdout] 4982 | |     Float64Array: f64,
[INFO] [stdout] 4983 | | }
[INFO] [stdout]      | |_- in this macro invocation
[INFO] [stdout]      |
[INFO] [stdout]      = note: this error originates in a macro (in Nightly builds, run with -Z macro-backtrace for more info)
[INFO] [stdout] 
[INFO] [stdout] 
[INFO] [stdout] error[E0433]: failed to resolve: use of undeclared type or module `Int8Array`
[INFO] [stdout]     --> /opt/rustwide/cargo-home/registry/src/github.com-1ecc6299db9ec823/js-sys-0.3.33/src/lib.rs:4950:5
[INFO] [stdout]      |
[INFO] [stdout] 4950 |     Int8Array: i8,
[INFO] [stdout]      |     ^^^^^^^^^ use of undeclared type or module `Int8Array`
[INFO] [stdout] 
[INFO] [stdout] 
[INFO] [stdout] error[E0433]: failed to resolve: use of undeclared type or module `Int16Array`
[INFO] [stdout]     --> /opt/rustwide/cargo-home/registry/src/github.com-1ecc6299db9ec823/js-sys-0.3.33/src/lib.rs:4954:5
[INFO] [stdout]      |
[INFO] [stdout] 4954 |     Int16Array: i16,
[INFO] [stdout]      |     ^^^^^^^^^^ use of undeclared type or module `Int16Array`
[INFO] [stdout] 
[INFO] [stdout] 
[INFO] [stdout] error[E0433]: failed to resolve: use of undeclared type or module `Int32Array`
[INFO] [stdout]     --> /opt/rustwide/cargo-home/registry/src/github.com-1ecc6299db9ec823/js-sys-0.3.33/src/lib.rs:4958:5
[INFO] [stdout]      |
[INFO] [stdout] 4958 |     Int32Array: i32,
[INFO] [stdout]      |     ^^^^^^^^^^ use of undeclared type or module `Int32Array`
[INFO] [stdout] 
[INFO] [stdout] 
[INFO] [stdout] error[E0433]: failed to resolve: use of undeclared type or module `Uint8Array`
[INFO] [stdout]     --> /opt/rustwide/cargo-home/registry/src/github.com-1ecc6299db9ec823/js-sys-0.3.33/src/lib.rs:4962:5
[INFO] [stdout]      |
[INFO] [stdout] 4962 |     Uint8Array: u8,
[INFO] [stdout]      |     ^^^^^^^^^^ use of undeclared type or module `Uint8Array`
[INFO] [stdout] 
[INFO] [stdout] 
[INFO] [stdout] error[E0433]: failed to resolve: use of undeclared type or module `Uint8ClampedArray`
[INFO] [stdout]     --> /opt/rustwide/cargo-home/registry/src/github.com-1ecc6299db9ec823/js-sys-0.3.33/src/lib.rs:4966:5
[INFO] [stdout]      |
[INFO] [stdout] 4966 |     Uint8ClampedArray: u8,
[INFO] [stdout]      |     ^^^^^^^^^^^^^^^^^ use of undeclared type or module `Uint8ClampedArray`
[INFO] [stdout] 
[INFO] [stdout] 
[INFO] [stdout] error[E0433]: failed to resolve: use of undeclared type or module `Uint16Array`
[INFO] [stdout]     --> /opt/rustwide/cargo-home/registry/src/github.com-1ecc6299db9ec823/js-sys-0.3.33/src/lib.rs:4970:5
[INFO] [stdout]      |
[INFO] [stdout] 4970 |     Uint16Array: u16,
[INFO] [stdout]      |     ^^^^^^^^^^^ use of undeclared type or module `Uint16Array`
[INFO] [stdout] 
[INFO] [stdout] 
[INFO] [stdout] error[E0433]: failed to resolve: use of undeclared type or module `Uint32Array`
[INFO] [stdout]     --> /opt/rustwide/cargo-home/registry/src/github.com-1ecc6299db9ec823/js-sys-0.3.33/src/lib.rs:4974:5
[INFO] [stdout]      |
[INFO] [stdout] 4974 |     Uint32Array: u32,
[INFO] [stdout]      |     ^^^^^^^^^^^ use of undeclared type or module `Uint32Array`
[INFO] [stdout] 
[INFO] [stdout] 
[INFO] [stdout] error[E0433]: failed to resolve: use of undeclared type or module `Float32Array`
[INFO] [stdout]     --> /opt/rustwide/cargo-home/registry/src/github.com-1ecc6299db9ec823/js-sys-0.3.33/src/lib.rs:4978:5
[INFO] [stdout]      |
[INFO] [stdout] 4978 |     Float32Array: f32,
[INFO] [stdout]      |     ^^^^^^^^^^^^ use of undeclared type or module `Float32Array`
[INFO] [stdout] 
[INFO] [stdout] 
[INFO] [stdout] error[E0433]: failed to resolve: use of undeclared type or module `Float64Array`
[INFO] [stdout]     --> /opt/rustwide/cargo-home/registry/src/github.com-1ecc6299db9ec823/js-sys-0.3.33/src/lib.rs:4982:5
[INFO] [stdout]      |
[INFO] [stdout] 4982 |     Float64Array: f64,
[INFO] [stdout]      |     ^^^^^^^^^^^^ use of undeclared type or module `Float64Array`
[INFO] [stdout] 
[INFO] [stdout] 
[INFO] [stdout] error[E0412]: cannot find type `Int32Array` in this scope
[INFO] [stdout]    --> /opt/rustwide/cargo-home/registry/src/github.com-1ecc6299db9ec823/js-sys-0.3.33/src/lib.rs:699:37
[INFO] [stdout]     |
[INFO] [stdout] 699 |         pub fn notify(typed_array: &Int32Array, index: u32) -> Result<u32, JsValue>;
[INFO] [stdout]     |                                     ^^^^^^^^^^ not found in this scope
[INFO] [stdout] 
[INFO] [stdout] 
[INFO] [stdout] error[E0412]: cannot find type `Int32Array` in this scope
[INFO] [stdout]    --> /opt/rustwide/cargo-home/registry/src/github.com-1ecc6299db9ec823/js-sys-0.3.33/src/lib.rs:704:27
[INFO] [stdout]     |
[INFO] [stdout] 704 |             typed_array: &Int32Array,
[INFO] [stdout]     |                           ^^^^^^^^^^ not found in this scope
[INFO] [stdout] 
[INFO] [stdout] 
[INFO] [stdout] error[E0412]: cannot find type `Int32Array` in this scope
[INFO] [stdout]    --> /opt/rustwide/cargo-home/registry/src/github.com-1ecc6299db9ec823/js-sys-0.3.33/src/lib.rs:743:35
[INFO] [stdout]     |
[INFO] [stdout] 743 |         pub fn wait(typed_array: &Int32Array, index: u32, value: i32) -> Result<JsString, JsValue>;
[INFO] [stdout]     |                                   ^^^^^^^^^^ not found in this scope
[INFO] [stdout] 
[INFO] [stdout] 
[INFO] [stdout] error[E0412]: cannot find type `Int32Array` in this scope
[INFO] [stdout]    --> /opt/rustwide/cargo-home/registry/src/github.com-1ecc6299db9ec823/js-sys-0.3.33/src/lib.rs:750:27
[INFO] [stdout]     |
[INFO] [stdout] 750 |             typed_array: &Int32Array,
[INFO] [stdout]     |                           ^^^^^^^^^^ not found in this scope
[INFO] [stdout] 
[INFO] [stdout] 
[INFO] [stdout] error[E0412]: cannot find type `Int8Array` in this scope
[INFO] [stdout]     --> /opt/rustwide/cargo-home/registry/src/github.com-1ecc6299db9ec823/js-sys-0.3.33/src/lib.rs:4950:5
[INFO] [stdout]      |
[INFO] [stdout] 4950 |     Int8Array: i8,
[INFO] [stdout]      |     ^^^^^^^^^ not found in this scope
[INFO] [stdout] 
[INFO] [stdout] 
[INFO] [stdout] error[E0412]: cannot find type `Int16Array` in this scope
[INFO] [stdout]     --> /opt/rustwide/cargo-home/registry/src/github.com-1ecc6299db9ec823/js-sys-0.3.33/src/lib.rs:4954:5
[INFO] [stdout]      |
[INFO] [stdout] 4954 |     Int16Array: i16,
[INFO] [stdout]      |     ^^^^^^^^^^ not found in this scope
[INFO] [stdout] 
[INFO] [stdout] 
[INFO] [stdout] error[E0412]: cannot find type `Int32Array` in this scope
[INFO] [stdout]     --> /opt/rustwide/cargo-home/registry/src/github.com-1ecc6299db9ec823/js-sys-0.3.33/src/lib.rs:4958:5
[INFO] [stdout]      |
[INFO] [stdout] 4958 |     Int32Array: i32,
[INFO] [stdout]      |     ^^^^^^^^^^ not found in this scope
[INFO] [stdout] 
[INFO] [stdout] 
[INFO] [stdout] error[E0412]: cannot find type `Uint8Array` in this scope
[INFO] [stdout]     --> /opt/rustwide/cargo-home/registry/src/github.com-1ecc6299db9ec823/js-sys-0.3.33/src/lib.rs:4962:5
[INFO] [stdout]      |
[INFO] [stdout] 4962 |     Uint8Array: u8,
[INFO] [stdout]      |     ^^^^^^^^^^ not found in this scope
[INFO] [stdout] 
[INFO] [stdout] 
[INFO] [stdout] error[E0412]: cannot find type `Uint8ClampedArray` in this scope
[INFO] [stdout]     --> /opt/rustwide/cargo-home/registry/src/github.com-1ecc6299db9ec823/js-sys-0.3.33/src/lib.rs:4966:5
[INFO] [stdout]      |
[INFO] [stdout] 4966 |     Uint8ClampedArray: u8,
[INFO] [stdout]      |     ^^^^^^^^^^^^^^^^^ not found in this scope
[INFO] [stdout] 
[INFO] [stdout] 
[INFO] [stdout] error[E0412]: cannot find type `Uint16Array` in this scope
[INFO] [stdout]     --> /opt/rustwide/cargo-home/registry/src/github.com-1ecc6299db9ec823/js-sys-0.3.33/src/lib.rs:4970:5
[INFO] [stdout]      |
[INFO] [stdout] 4970 |     Uint16Array: u16,
[INFO] [stdout]      |     ^^^^^^^^^^^ not found in this scope
[INFO] [stdout] 
[INFO] [stdout] 
[INFO] [stdout] error[E0412]: cannot find type `Uint32Array` in this scope
[INFO] [stdout]     --> /opt/rustwide/cargo-home/registry/src/github.com-1ecc6299db9ec823/js-sys-0.3.33/src/lib.rs:4974:5
[INFO] [stdout]      |
[INFO] [stdout] 4974 |     Uint32Array: u32,
[INFO] [stdout]      |     ^^^^^^^^^^^ not found in this scope
[INFO] [stdout] 
[INFO] [stdout] 
[INFO] [stdout] error[E0412]: cannot find type `Float32Array` in this scope
[INFO] [stdout]     --> /opt/rustwide/cargo-home/registry/src/github.com-1ecc6299db9ec823/js-sys-0.3.33/src/lib.rs:4978:5
[INFO] [stdout]      |
[INFO] [stdout] 4978 |     Float32Array: f32,
[INFO] [stdout]      |     ^^^^^^^^^^^^ not found in this scope
[INFO] [stdout] 
[INFO] [stdout] 
[INFO] [stdout] error[E0412]: cannot find type `Float64Array` in this scope
[INFO] [stdout]     --> /opt/rustwide/cargo-home/registry/src/github.com-1ecc6299db9ec823/js-sys-0.3.33/src/lib.rs:4982:5
[INFO] [stdout]      |
[INFO] [stdout] 4982 |     Float64Array: f64,
[INFO] [stdout]      |     ^^^^^^^^^^^^ not found in this scope
[INFO] [stdout] 
[INFO] [stdout] 
[INFO] [stderr]    Compiling markup5ever v0.8.1
[INFO] [stderr]    Compiling markup5ever v0.9.0
[INFO] [stdout] error: aborting due to 35 previous errors
[INFO] [stdout] 
[INFO] [stdout] 
[INFO] [stdout] Some errors have detailed explanations: E0412, E0433.
[INFO] [stdout] 
[INFO] [stdout] For more information about an error, try `rustc --explain E0412`.
[INFO] [stdout] 
[INFO] [stderr] error: could not compile `js-sys`.
[INFO] [stderr] 
[INFO] [stderr] To learn more, run the command again with --verbose.
[INFO] [stderr] warning: build failed, waiting for other jobs to finish...
[INFO] [stderr] error: build failed
[INFO] running `Command { std: "docker" "inspect" "1a699fc9c7225982fff9972035cf5bf1e869f44be7341fbceebbbfdf2aff5fbb", kill_on_drop: false }`
[INFO] running `Command { std: "docker" "rm" "-f" "1a699fc9c7225982fff9972035cf5bf1e869f44be7341fbceebbbfdf2aff5fbb", kill_on_drop: false }`
[INFO] [stdout] 1a699fc9c7225982fff9972035cf5bf1e869f44be7341fbceebbbfdf2aff5fbb
